{"id":344,"date":"2022-12-27T17:13:50","date_gmt":"2022-12-27T17:13:50","guid":{"rendered":"https:\/\/itzelccomunica.com\/?page_id=344"},"modified":"2026-02-13T23:52:12","modified_gmt":"2026-02-13T23:52:12","slug":"social-media-management","status":"publish","type":"page","link":"https:\/\/itzelccomunica.com\/index.php\/social-media-management\/","title":{"rendered":"Social Media Management"},"content":{"rendered":"<p>[et_pb_section fb_built=&#8221;1&#8243; _builder_version=&#8221;4.19.4&#8243; _module_preset=&#8221;default&#8221; da_disable_devices=&#8221;off|off|off&#8221; global_colors_info=&#8221;{}&#8221; da_is_popup=&#8221;off&#8221; da_exit_intent=&#8221;off&#8221; da_has_close=&#8221;on&#8221; da_alt_close=&#8221;off&#8221; da_dark_close=&#8221;off&#8221; da_not_modal=&#8221;on&#8221; da_is_singular=&#8221;off&#8221; da_with_loader=&#8221;off&#8221; da_has_shadow=&#8221;on&#8221;][et_pb_row _builder_version=&#8221;4.19.4&#8243; _module_preset=&#8221;default&#8221; global_colors_info=&#8221;{}&#8221;][et_pb_column type=&#8221;4_4&#8243; _builder_version=&#8221;4.19.4&#8243; _module_preset=&#8221;default&#8221; global_colors_info=&#8221;{}&#8221;][et_pb_text _builder_version=&#8221;4.19.5&#8243; _module_preset=&#8221;default&#8221; header_2_font=&#8221;Raleway|300|||||||&#8221; header_2_text_color=&#8221;#6F321C&#8221; background_image=&#8221;https:\/\/itzelccomunica.com\/wp-content\/uploads\/2022\/11\/personal_stylist_29.png&#8221; background_size=&#8221;initial&#8221; background_repeat=&#8221;repeat&#8221; custom_margin=&#8221;10px||10px||true|false&#8221; custom_padding=&#8221;10px||10px||true|false&#8221; global_colors_info=&#8221;{}&#8221;]<\/p>\n<h2>SOCIAL MEDIA MANAGEMENT<\/h2>\n<p>[\/et_pb_text][et_pb_text _builder_version=&#8221;4.19.5&#8243; _module_preset=&#8221;default&#8221; header_2_font=&#8221;Raleway|300|||||||&#8221; global_colors_info=&#8221;{}&#8221;]<\/p>\n<p>Atendiendo los requerimientos de publicidad destinados a plataformas sociales, disen\u0303amos 2 paquetes principales para el Social Media de tu empresa, buscando la eficiencia y practicidad y contemplando las necesidades actuales y tendencias de mercado; los paquetes, adema\u0301s, pueden negociarse y adaptarse a las necesidades de su(s) marca(s).<\/p>\n<p>Iniciaremos con un Plan de Comunicacio\u0301n Estrate\u0301gica enfocado a la(s) plataformas que deseas usar, especializa\u0301ndonos en Facebook e Instagram y posterior a la eleccio\u0301n de Plan que elijas, pondremos en marcha la creacio\u0301n de contenidos para difundir de manera eficiente y pra\u0301ctica, y cumplir asi\u0301 los objetivos buscados.<\/p>\n<p>[\/et_pb_text][\/et_pb_column][\/et_pb_row][et_pb_row column_structure=&#8221;1_2,1_2&#8243; _builder_version=&#8221;4.19.4&#8243; _module_preset=&#8221;default&#8221; global_colors_info=&#8221;{}&#8221;][et_pb_column type=&#8221;1_2&#8243; _builder_version=&#8221;4.19.4&#8243; _module_preset=&#8221;default&#8221; background_color=&#8221;RGBA(255,255,255,0)&#8221; custom_padding=&#8221;16px|15px|16px|15px|true|true&#8221; border_radii=&#8221;on|10px|10px|10px|10px&#8221; border_color_all=&#8221;#9D7255&#8243; box_shadow_style=&#8221;preset7&#8243; box_shadow_color=&#8221;#9D7255&#8243; global_colors_info=&#8221;{}&#8221;][et_pb_text _builder_version=&#8221;4.19.4&#8243; _module_preset=&#8221;default&#8221; text_font=&#8221;Raleway|500|||||||&#8221; text_font_size=&#8221;16px&#8221; header_3_font=&#8221;Raleway|300|||||||&#8221; header_4_font=&#8221;Raleway|300|||||||&#8221; header_4_text_color=&#8221;#6F321C&#8221; text_orientation=&#8221;center&#8221; border_color_all=&#8221;#9D7255&#8243; border_width_bottom=&#8221;1px&#8221; global_colors_info=&#8221;{}&#8221;]<\/p>\n<h4>FUNDAMENTAL<\/h4>\n<p>[\/et_pb_text][et_pb_text _builder_version=&#8221;4.19.5&#8243; _module_preset=&#8221;default&#8221; hover_enabled=&#8221;0&#8243; global_colors_info=&#8221;{}&#8221; sticky_enabled=&#8221;0&#8243;]<\/p>\n<p style=\"text-align: center;\"><strong>Inversi\u00f3n mensual total: $3,500.00<\/strong><\/p>\n<p style=\"text-align: center;\"><em>A partir del cuarto mes: $3,400.00 pesos<\/em><\/p>\n<p style=\"text-align: center;\"><em><\/em><\/p>\n<ul>\n<li>Community Management Facebook:<br \/>2 a 3 publicaciones semanales (fotos, dise\u00f1os promocionales, reels\/videos cortos, infograf\u00edas, compartir art\u00edculos de inter\u00e9s y\/o eventos + 3 stories)<\/li>\n<li>Community Management Instagram:<br \/>2 a 3 posts semanales. (fotos, dise\u00f1os promocionales, reels\/videos cortos, carrusel, infograf\u00edas + 3 stories)<\/li>\n<\/ul>\n<p>&nbsp;<\/p>\n<p>INCLUYE<br \/>&#8211; Dise\u00f1o gr\u00e1fico profesional para contenido digital<br \/>&#8211; Fotos de perfil eventuales aptas para Fb Ig y WhatsApp<br \/>&#8211; Contenido creativo \/ Engagement<br \/>&#8211; Asesor\u00eda en formulaci\u00f3n de campa\u00f1as y estrategias de marketing, para definir en colaboraci\u00f3n con la gerencia las que mejor se ajusten.<\/p>\n<p>*NO INCLUYE PRESUPUESTO PARA ANUNCIOS<\/p>\n<p>&nbsp;<\/p>\n<p>&nbsp;<\/p>\n<p>&nbsp;<\/p>\n<p>[\/et_pb_text][\/et_pb_column][et_pb_column type=&#8221;1_2&#8243; _builder_version=&#8221;4.19.4&#8243; _module_preset=&#8221;default&#8221; background_color=&#8221;RGBA(255,255,255,0)&#8221; custom_padding=&#8221;16px|10px|16px|10px|true|true&#8221; border_radii=&#8221;on|10px|10px|10px|10px&#8221; border_color_all=&#8221;#9D7255&#8243; box_shadow_style=&#8221;preset4&#8243; box_shadow_color=&#8221;#9D7255&#8243; global_colors_info=&#8221;{}&#8221;][et_pb_text _builder_version=&#8221;4.19.4&#8243; _module_preset=&#8221;default&#8221; text_font=&#8221;|600|||||||&#8221; header_4_font=&#8221;Raleway|300|||||||&#8221; header_4_text_color=&#8221;#6F321C&#8221; text_orientation=&#8221;center&#8221; border_color_all=&#8221;#9D7255&#8243; border_width_bottom=&#8221;1px&#8221; global_colors_info=&#8221;{}&#8221;]<\/p>\n<h4>PERSONALIZADO<\/h4>\n<p>[\/et_pb_text][et_pb_text _builder_version=&#8221;4.19.5&#8243; _module_preset=&#8221;default&#8221; border_color_all=&#8221;#9D7255&#8243; global_colors_info=&#8221;{}&#8221;]<\/p>\n<p style=\"text-align: center;\"><strong>Inversi\u00f3n mensual: $4,400.00<\/strong><\/p>\n<p style=\"text-align: center;\"><em>A partir del cuarto mes: $4,300.00 pesos<\/em><\/p>\n<ul>\n<li>Community Management Facebook:\u00a0 4 publicaciones semanales (fotos, infograf\u00edas, servicios, reels\/videos cortos, compartir art\u00edculos de inter\u00e9s y eventos)<\/li>\n<li>Community Management Instagram: 4 publicaciones semanales. (fotos, dise\u00f1os promocionales, servicios, reels\/videos cortos, infograf\u00edas + 3-4 stories)<\/li>\n<\/ul>\n<p>&nbsp;<\/p>\n<p>INCLUYE<br \/>&#8211; Dise\u00f1o gr\u00e1fico b\u00e1sico para contenido en canales digitales<br \/>&#8211; Contenido creativo \/ Engagement<br \/>&#8211; Apoyo en cobertura ocasional de eventos; fotograf\u00eda, video (del evento) o transmisi\u00f3n en Fb\/ Instagram. 2 eventos al mes.<br \/>&#8211; Asesor\u00eda en formulaci\u00f3n de estrategias promocionales de marketing, para definir en colaboraci\u00f3n con la gerencia.<br \/>&#8211; Opci\u00f3n de solicitar versiones adecuadas a formatos de impresi\u00f3n de los dise\u00f1os realizados.<br \/>&#8211; Opci\u00f3n de redactar en ingl\u00e9s 2 a 3 de los materiales gr\u00e1ficos o anuncios al mes.<\/p>\n<p>*NO INCLUYE PRESUPUESTO PARA ANUNCIOS<\/p>\n<p>[\/et_pb_text][\/et_pb_column][\/et_pb_row][\/et_pb_section][et_pb_section fb_built=&#8221;1&#8243; _builder_version=&#8221;4.18.0&#8243; _module_preset=&#8221;default&#8221; background_color=&#8221;RGBA(255,255,255,0)&#8221; custom_padding=&#8221;31px||31px|||&#8221; top_divider_color=&#8221;RGBA(255,255,255,0)&#8221; da_disable_devices=&#8221;off|off|off&#8221; border_radii=&#8221;on|1px|1px|1px|1px&#8221; border_width_top=&#8221;1px&#8221; border_color_top=&#8221;#6F321C&#8221; global_colors_info=&#8221;{}&#8221; da_is_popup=&#8221;off&#8221; da_exit_intent=&#8221;off&#8221; da_has_close=&#8221;on&#8221; da_alt_close=&#8221;off&#8221; da_dark_close=&#8221;off&#8221; da_not_modal=&#8221;on&#8221; da_is_singular=&#8221;off&#8221; da_with_loader=&#8221;off&#8221; da_has_shadow=&#8221;on&#8221;][et_pb_row _builder_version=&#8221;4.19.5&#8243; _module_preset=&#8221;default&#8221; custom_padding=&#8221;20px||||false|false&#8221; global_colors_info=&#8221;{}&#8221;][et_pb_column type=&#8221;4_4&#8243; _builder_version=&#8221;4.19.5&#8243; _module_preset=&#8221;default&#8221; global_colors_info=&#8221;{}&#8221;][et_pb_text _builder_version=&#8221;4.19.4&#8243; _module_preset=&#8221;default&#8221; global_colors_info=&#8221;{}&#8221;]<\/p>\n<p style=\"text-align: center;\"><strong>Copyright<\/strong> | itzelccomunica. Todos los derechos reservados.<\/p>\n<p>[\/et_pb_text][\/et_pb_column][\/et_pb_row][\/et_pb_section]<\/p>\n","protected":false},"excerpt":{"rendered":"<p>SOCIAL MEDIA MANAGEMENTAtendiendo los requerimientos de publicidad destinados a plataformas sociales, disen\u0303amos 2 paquetes principales para el Social Media de tu empresa, buscando la eficiencia y practicidad y contemplando las necesidades actuales y tendencias de mercado; los paquetes, adema\u0301s, pueden negociarse y adaptarse a las necesidades de su(s) marca(s). Iniciaremos con un Plan de Comunicacio\u0301n [&hellip;]<\/p>\n","protected":false},"author":1,"featured_media":0,"parent":0,"menu_order":0,"comment_status":"closed","ping_status":"closed","template":"","meta":{"_et_pb_use_builder":"on","_et_pb_old_content":"","_et_gb_content_width":""},"yoast_head":"<!-- This site is optimized with the Yoast SEO plugin v20.1 - https:\/\/yoast.com\/wordpress\/plugins\/seo\/ -->\n<title>Social Media Management &ndash; Itzel CComunica<\/title>\n<meta name=\"robots\" content=\"index, follow, max-snippet:-1, max-image-preview:large, max-video-preview:-1\" \/>\n<link rel=\"canonical\" href=\"https:\/\/itzelccomunica.com\/index.php\/social-media-management\/\" \/>\n<meta property=\"og:locale\" content=\"en_US\" \/>\n<meta property=\"og:type\" content=\"article\" \/>\n<meta property=\"og:title\" content=\"Social Media Management &ndash; Itzel CComunica\" \/>\n<meta property=\"og:description\" content=\"SOCIAL MEDIA MANAGEMENTAtendiendo los requerimientos de publicidad destinados a plataformas sociales, disen\u0303amos 2 paquetes principales para el Social Media de tu empresa, buscando la eficiencia y practicidad y contemplando las necesidades actuales y tendencias de mercado; los paquetes, adema\u0301s, pueden negociarse y adaptarse a las necesidades de su(s) marca(s). Iniciaremos con un Plan de Comunicacio\u0301n [&hellip;]\" \/>\n<meta property=\"og:url\" content=\"https:\/\/itzelccomunica.com\/index.php\/social-media-management\/\" \/>\n<meta property=\"og:site_name\" content=\"Itzel CComunica\" \/>\n<meta property=\"article:modified_time\" content=\"2026-02-13T23:52:12+00:00\" \/>\n<meta property=\"og:image\" content=\"https:\/\/itzelccomunica.com\/wp-content\/uploads\/2023\/01\/LOGO-ITZEL.png\" \/>\n\t<meta property=\"og:image:width\" content=\"1500\" \/>\n\t<meta property=\"og:image:height\" content=\"515\" \/>\n\t<meta property=\"og:image:type\" content=\"image\/png\" \/>\n<meta name=\"twitter:card\" content=\"summary_large_image\" \/>\n<meta name=\"twitter:label1\" content=\"Est. reading time\" \/>\n\t<meta name=\"twitter:data1\" content=\"4 minutes\" \/>\n<script type=\"application\/ld+json\" class=\"yoast-schema-graph\">{\"@context\":\"https:\/\/schema.org\",\"@graph\":[{\"@type\":\"WebPage\",\"@id\":\"https:\/\/itzelccomunica.com\/index.php\/social-media-management\/\",\"url\":\"https:\/\/itzelccomunica.com\/index.php\/social-media-management\/\",\"name\":\"Social Media Management &ndash; Itzel CComunica\",\"isPartOf\":{\"@id\":\"https:\/\/itzelccomunica.com\/#website\"},\"datePublished\":\"2022-12-27T17:13:50+00:00\",\"dateModified\":\"2026-02-13T23:52:12+00:00\",\"breadcrumb\":{\"@id\":\"https:\/\/itzelccomunica.com\/index.php\/social-media-management\/#breadcrumb\"},\"inLanguage\":\"en-US\",\"potentialAction\":[{\"@type\":\"ReadAction\",\"target\":[\"https:\/\/itzelccomunica.com\/index.php\/social-media-management\/\"]}]},{\"@type\":\"BreadcrumbList\",\"@id\":\"https:\/\/itzelccomunica.com\/index.php\/social-media-management\/#breadcrumb\",\"itemListElement\":[{\"@type\":\"ListItem\",\"position\":1,\"name\":\"Home\",\"item\":\"https:\/\/itzelccomunica.com\/\"},{\"@type\":\"ListItem\",\"position\":2,\"name\":\"Social Media Management\"}]},{\"@type\":\"WebSite\",\"@id\":\"https:\/\/itzelccomunica.com\/#website\",\"url\":\"https:\/\/itzelccomunica.com\/\",\"name\":\"Itzel CComunica\",\"description\":\"Sera\u0301 un placer ayudarte a crear un lenguaje para tu marca, guiarte y transmitirlo.\",\"potentialAction\":[{\"@type\":\"SearchAction\",\"target\":{\"@type\":\"EntryPoint\",\"urlTemplate\":\"https:\/\/itzelccomunica.com\/?s={search_term_string}\"},\"query-input\":\"required name=search_term_string\"}],\"inLanguage\":\"en-US\"}]}<\/script>\n<!-- \/ Yoast SEO plugin. -->","yoast_head_json":{"title":"Social Media Management &ndash; Itzel CComunica","robots":{"index":"index","follow":"follow","max-snippet":"max-snippet:-1","max-image-preview":"max-image-preview:large","max-video-preview":"max-video-preview:-1"},"canonical":"https:\/\/itzelccomunica.com\/index.php\/social-media-management\/","og_locale":"en_US","og_type":"article","og_title":"Social Media Management &ndash; Itzel CComunica","og_description":"SOCIAL MEDIA MANAGEMENTAtendiendo los requerimientos de publicidad destinados a plataformas sociales, disen\u0303amos 2 paquetes principales para el Social Media de tu empresa, buscando la eficiencia y practicidad y contemplando las necesidades actuales y tendencias de mercado; los paquetes, adema\u0301s, pueden negociarse y adaptarse a las necesidades de su(s) marca(s). Iniciaremos con un Plan de Comunicacio\u0301n [&hellip;]","og_url":"https:\/\/itzelccomunica.com\/index.php\/social-media-management\/","og_site_name":"Itzel CComunica","article_modified_time":"2026-02-13T23:52:12+00:00","og_image":[{"width":1500,"height":515,"url":"https:\/\/itzelccomunica.com\/wp-content\/uploads\/2023\/01\/LOGO-ITZEL.png","type":"image\/png"}],"twitter_card":"summary_large_image","twitter_misc":{"Est. reading time":"4 minutes"},"schema":{"@context":"https:\/\/schema.org","@graph":[{"@type":"WebPage","@id":"https:\/\/itzelccomunica.com\/index.php\/social-media-management\/","url":"https:\/\/itzelccomunica.com\/index.php\/social-media-management\/","name":"Social Media Management &ndash; Itzel CComunica","isPartOf":{"@id":"https:\/\/itzelccomunica.com\/#website"},"datePublished":"2022-12-27T17:13:50+00:00","dateModified":"2026-02-13T23:52:12+00:00","breadcrumb":{"@id":"https:\/\/itzelccomunica.com\/index.php\/social-media-management\/#breadcrumb"},"inLanguage":"en-US","potentialAction":[{"@type":"ReadAction","target":["https:\/\/itzelccomunica.com\/index.php\/social-media-management\/"]}]},{"@type":"BreadcrumbList","@id":"https:\/\/itzelccomunica.com\/index.php\/social-media-management\/#breadcrumb","itemListElement":[{"@type":"ListItem","position":1,"name":"Home","item":"https:\/\/itzelccomunica.com\/"},{"@type":"ListItem","position":2,"name":"Social Media Management"}]},{"@type":"WebSite","@id":"https:\/\/itzelccomunica.com\/#website","url":"https:\/\/itzelccomunica.com\/","name":"Itzel CComunica","description":"Sera\u0301 un placer ayudarte a crear un lenguaje para tu marca, guiarte y transmitirlo.","potentialAction":[{"@type":"SearchAction","target":{"@type":"EntryPoint","urlTemplate":"https:\/\/itzelccomunica.com\/?s={search_term_string}"},"query-input":"required name=search_term_string"}],"inLanguage":"en-US"}]}},"_links":{"self":[{"href":"https:\/\/itzelccomunica.com\/index.php\/wp-json\/wp\/v2\/pages\/344"}],"collection":[{"href":"https:\/\/itzelccomunica.com\/index.php\/wp-json\/wp\/v2\/pages"}],"about":[{"href":"https:\/\/itzelccomunica.com\/index.php\/wp-json\/wp\/v2\/types\/page"}],"author":[{"embeddable":true,"href":"https:\/\/itzelccomunica.com\/index.php\/wp-json\/wp\/v2\/users\/1"}],"replies":[{"embeddable":true,"href":"https:\/\/itzelccomunica.com\/index.php\/wp-json\/wp\/v2\/comments?post=344"}],"version-history":[{"count":19,"href":"https:\/\/itzelccomunica.com\/index.php\/wp-json\/wp\/v2\/pages\/344\/revisions"}],"predecessor-version":[{"id":1250,"href":"https:\/\/itzelccomunica.com\/index.php\/wp-json\/wp\/v2\/pages\/344\/revisions\/1250"}],"wp:attachment":[{"href":"https:\/\/itzelccomunica.com\/index.php\/wp-json\/wp\/v2\/media?parent=344"}],"curies":[{"name":"wp","href":"https:\/\/api.w.org\/{rel}","templated":true}]}}